 - -3?
-3
What is the value of (8 - -5) + (-8 - 2)?
3
Calculate (-2 - 1) + 6 + -10 + 4.
-3
-11 + 16 + (-1 - 3) - -5
6
What is the value of 1 + -4 + 23 + -19?
1
Evaluate -1 + 2 + 3 + -4.
0
What is the value of (-3 - (5 - 4)) + 1 - -5?
2
What is the value of -15 + (-10 - (0 + -19))?
-6
Calculate 63 + -63 + (2 - -1 - 0).
3
What is (-3 - -7 - 5) + -3?
-4
Calculate (1 + -4 - -2) + 0 + -3.
-4
What is the value of 1 + (-1 - 1 - (-5 + 2))?
2
(1 - 1) + -1 + 3
2
Evaluate 2 + 1 - (-25 + 27).
1
What is -5 + -3 + -1 + 7?
-2
-7 - 2 - (-40 - -28)
3
-1 + 1 + 8 + (2 - 6)
4
Calculate 1 - (2 - (-3 - -2)).
-2
Evaluate 3 - 1 - 3 - -3.
2
What is 1 + -10 + 7 + 4?
2
5 - (-3 + 1 + -25 + 32)
0
What is (-2 - -3 - (8 - 8)) + 1?
2
5 + -3 + (-1 - 9) + 1
-7
Calculate (-4 + 3 - -7) + (-4 - -1).
3
What is the value of 2 + 1 - (14 - 18) - 3?
4
(-5 - (4 - 4)) + 7
2
Evaluate 2 + -4 + (1 - 0).
-1
Evaluate -9 + 8 + 3 - (-3 + 2).
3
Evaluate (-8 - (0 + (3 - 7))) + 13.
9
What is the value of -2 + 11 + -7 + -10?
-8
What is -8 + (-1 - (-5 + -1))?
-3
11 + -6 + 2 - 4
3
8 + (10 - 18) + 2
2
What is the value of 0 + -1 + 4 + -1 - 0?
2
Evaluate 2 + -4 - (-3 - 0) - -1.
2
What is the value of 4 - (10 + (-6 - -2))?
-2
Evaluate (0 + (4 - 6) - 2) + 0.
-4
Evaluate (2 - 1) + 1 + 32 + -34.
0
Calculate (-8 + -1 - -8) + -2.
-3
Evaluate 1 - 0 - -1 - (37 - 40).
5
Evaluate -31 + 33 + (-5 - 1).
-4
What is the value of -1 + (5 + -8 - 0)?
-4
Evaluate (-5 - -7) + -4 + 2.
0
Evaluate -7 - (-9 - (5 - 9)).
-2
(3 - 1) + -2 + 4 - 3
1
Calculate (-8 + 35 - 10) + -9.
8
What is -1 + -13 + 10 + (8 - -2)?
6
What is the value of -20 + (4 - (1 + -7))?
-10
What is 25 + -30 - ((2 - 4) + -6)?
3
What is the value of -11 + 0 + 69 + -63?
-5
Calculate (7 - 7) + 0 + -1.
-1
Calculate 2 + -5 + 2 - -5.
4
Calculate (2 - (-4 + (-4 - -7))) + -3.
0
What is 167 + -164 - (-4 + 1)?
6
(-6 + 4 - (0 - 6)) + -6
-2
63 + -74 + 1 + 0
-10
What is the value of 21 + -23 + 1 + 3?
2
Evaluate -2 + 3 + -2 + -1.
-2
What is (-1 - 1 - (-8 + 13)) + 2?
-5
Evaluate -3 - (3 + -2 + 0 + 1).
-5
Calculate 0 + 5 - (8 + -2).
-1
What is the value of (-4 - -1) + -5 + 10 + -5?
-3
-18 + (13 - 0) - -7
2
Evaluate -1 + 4 - (2 + 2 - 3).
2
What is the value of 4 - ((-6 - -3) + 4) - 2?
1
6 - -1 - (32 + -21)
-4
Evaluate 7 - (24 + 2 + -12).
-7
Evaluate -10 - -7 - (1 + -2 + 1).
-3
What is -16 - (5 - 6) - (-4 - 2)?
-9
What is the value of -2 + 1 + -8 - -3 - -2?
-4
Calculate 0 - -4 - (18 - 12).
-2
Calculate 2 + 0 + -5 + -2.
-5
What is (-12 - (-17 - -7)) + -5?
-7
-4 - 3 - (-4 + -5)
2
What is 1 - 5 - (-21 - -22)?
-5
What is the value of -62 + 52 + -2 + 14?
2
Evaluate -9 - (-1 + (-6 - 9)).
7
3 + 4 + -1 + -2 + -2
2
What is the value of (0 - -2) + -2 + 0?
0
Calculate (-1 - 2 - (-4 + -1)) + -1.
1
Calculate -3 + 9 + -12 + 3 + -4.
-7
What is (2 - 1) + 1 - (1 + 1)?
0
-2 + (3 - (4 + (3 - 2)))
-4
What is 4 + 0 + (2 - 2) + -4?
0
Evaluate -2 + 1 - (-14 + 12).
1
(4 + -8 - 0) + 2
-2
Evaluate -2 + (4 - 5 - 0) + -1.
-4
What is the value of -4 + 4 + 5 + 1 + -4?
2
-6 - 0 - (0 + 4 - 11)
1
Evaluate 6 - (1 - (3 + -2 + -2)).
4
Calculate 0 + -2 + 2 + 2 + 0.
2
What is the value of 12 + -12 + (-2 - -3)?
1
Evaluate 4 - (6 + -2 - 1).
1
What is the value of (-4 - -7) + -3 - (-2 + 4)?
-2
Calculate 0 - (-3 - 0) - 0 - 0.
3
What is ((5 - 11) + -2 - -6) + 3?
1
What is -3 - (-9 - -8) - -4?
2
Calculate -1 + 4 + -4 + 4 + 0.
3
Calculate (5 - 6 - -2) + -6.
-5
Evaluate -1 + 1 - (-1 - -1 - -3).
-3
What is the value of 6 + -9 + 4 + 0?
1
Evaluate 0 - (-6 - (-8 - -6)).
4
What is the value of 2 - 4 - (33 - 40)?
5
What is 125 + -126 - ((-1 - -3) + 4)?
-7
What is -7 - (-4 - (-6 - -5)) - -7?
3
Calculate 5 - 0 - (1 + (1 - 4)).
7
What is (-5 - (-6 + 2)) + -2 - 5?
-8
Calculate 6 + -12 + (2 - -1) - -3.
0
What is the value of 3 - 17 - -9 - 1?
-6
Calculate -5 + ((2 - 4) + 5 - -1).
-1
What is the value of 2 + (1 - (-3 + 7))?
-1
Evaluate 0 - ((-3 - (1 - -2)) + 4).
2
What is 3 + -2 - (-6 + -2)?
9
1 + 1 + 1 + -4 + 2
1
What is the value of 10 + -9 + 0 - (-2 - -14)?
-11
Evaluate 0 - 13 - (-2 - -2 - 6).
-7
What is the value of 2 + (0 - (-5 - (-5 - -3)))?
5
What is the value of (0 - (-2 - -2)) + 4?
4
What is 0 + (5 - 9) + 2?
-2
What is the value of (-6 - -2) + 6 + -5?
-3
3 + ((3 - -2) + -1 - 3)
4
5 + -6 + (1 - -5)
5
Evaluate 13 + -15 - (0 - (-1 + 2)).
-1
What is the value of (-5 + 3 - -4) + -3 + 3?
2
What is -15 + (2 - -3) + 10?
0
-1 - (8 + -10 - -3)
-2
What is the value of -29 + 17 + (7 - 0) + -2?
-7
58 + -54 + (-3 - -2 - -1)
4
What is the value of 9 + -10 - (1 + -5 + 4)?
-1
What is the value of 3 + 3 + -5 + (1 - 3)?
-1
What is (6 - (-5 + 7)) + -8 + -1?
-5
What is the value of 6 + (-5 - -3) + -4?
0
What is 0 + 3 + 0 + -4 + 2?
1
What is the value of -13 + (-9 - (-10 - -2)) + 6?
-8
What is the value of 11 + (-23 - (-9 - 1))?
-2
Evaluate -7 + 2 - (20 + -23).
-2
What is the value of 2 - 0 - (5 - 6)?
3
What is the value of -1 + 0 - (7 - (11 + -4))?
-1
Evaluate -3 - (-3 + 5 + -9 + 4).
0
What is the value of -16 - -20 - (0 + 2)?
2
Calculate -5 - ((-6 - (4 + -6)) + 6).
-7
What is the value of -6 + 0 + -3 + (8 - -2)?
1
What is the value of (6 - -3) + 6 + -11?
4
What is 3 + -1 - 12 - -12?
2
Evaluate 0 - (-11 - -1) - 18.
-8
Calculate 1 + -3 + -13 + 6 + 4.
-5
3 + 4 + 2 + -8 + -1
0
What is the value of -6 + -1 + 6 + (-6 - -3)?
-4
Calculate -3 + 1 - (4 + -6).
0
Calculate -3 + (4 - 16) + 20.
5
What is (3 + -6 - 1) + 3?
-1
Calculate -1 - (-2 + -2 + (9 - -3)).
-9
What is -2 + -3 + (1 + 2 - 1)?
-3
What is the value of -1 + (-14 - -10) + 1 + -2?
-6
What is 0 + -1 + (4 - 8)?
-5
What is (-8 - -3) + 4 - (2 - -4)?
-7
Evaluate -2 - (10 + -6 + -1).
-5
Evaluate 0 + -1 + 0 - (-6 - -8).
-3
What is -10 + 19 + -6 - 9?
-6
What is -5 + (8 - (7 - -2))?
-6
0 - -5 - (-15 - -18)
2
9 - 14 - (-4 - 6)
5
What is 2 + (-2 - (3 - 4))?
1
Evaluate -2 + (3 - ((3 - 1) + 3)).
-4
What is the value of -4 + 4 + 1 + (-20 - -18)?
-1
What is 4 + (-4 - -6) - 10?
-4
Evaluate -3 + (-9 - -6) + 6.
0
What is the value of 2 + 1 - ((-8 - -10) + -6)?
7
What is the value of -24 - -33 - (-2 - -10)?
1
What is the value of 1 + 5 - (-6 - (16 + -24))?
4
Calculate 5 + -21 + 9 + 9.
2
What is -2 + 2 + 8 + (-29 - -30)?
9
What is 2 + -7 + 5 + (2 - 6)?
-4
Evaluate (5 - 7) + 10 + (6 - 10).
4
What is -4 + (1 - 2) + 0 + 4?
-1
Calculate -3 + 3 - 3 - -1.
-2
What is (4 - (-4 + 1)) + -5 + 0?
2
What is 158 - 147 - (1 - (0 - 4))?
6
-2 + -1 - (-166 - -156)
7
11 + (8 - 11 - (0 + 3))
5
4 + -4 + 1 + 0 + -2
-1
Evaluate -1 + (7 - (6 + -2) - 6).
-4
What is the value of -9 + -4 + -1 + (4 - -8)?
-2
What is the value of 1 - 2 - (-1 + 4 - 3)?
-1
What is (1 - -2) + 4 - 11?
-4
-17 + 11 - (-2 + 1) - -1
-4
What is 6 + (6 - 6 - 2)?
4
Evaluate (4 - 12 - -4) + 2.
-2
Evaluate 10 + -2 + 0 + -12.
-4
Evaluate (8 + 1 + 0 - 2) + -2.
5
What is the value of -5 - (-1 + -11 + 1) - 1?
5
What is -2 - -3 - (-1 - (-14 + 5))?
-7
What is the value of (5 - 2) + (-8 - (-12 - -5))?
2
What is the value of 1 + (2 - 1) + 3?
5
Calculate (2 - 3 - (-2 - -7)) + 5.
-1
What is the value of 4 + -1 + (16 - 14 - 12)?
-7
What is the value of 4 + 5 + -17 + 3?
-5
What is the value of 0 - -5 - (1 - (0 + -6))?
-2
Calculate 3 - (8 + (-2 - 2)).
-1
What is -3 - ((-1 - (3 + 2)) + 4)?
-1
What is the value of 6 + (-6 - -12) + -6?
6
-13 + 20 + -1 + (1 - 6)
1
What is 3 - -2 - 9 - (-6 - -3)?
-1
What is (1 - 0) + 2 + 0 - 3?
0
1 + (-2 + 2 - (2 - -4))
-5
What is (2 + -4 - -4) + 1?
3
Calculate 1 + (-2 - 4) + (-2 - -9).
2
What is (81 - 74) + (1 - (0 + 1))?
7
2 + (0 - (1 + -3)) + -8
-4
Evaluate 6 + 1 + (27 - 36).
-2
Calculate -1 + 0 + -5 + 1.
-5
(-4 - (1 + 4 + -5)) + 5
1
Calculate 9 - ((21 - 23) + 1 + 5).
5
What is the value of 4 + 1 - (-9 + 12 + -3)?
5
Calculate (-3 - 0) + (-4 + 13 - 5).
1
Evaluate -8 + 0 + 5 + -1 - -5.
1
Calculate -3 - -7 - -1 - (3 - -2).
0
Calculate 0 + (-6 + 7 - (2 + -7)).
6
(-9 - -5) + (1 - (-5 + 10))
-8
What is the value of -13 + (-3 - -7 - -5)?
-4
-1 + (7 - 16) - -8
-2
What is the value of 5 + (-4 - (7 + -4))?
-2
Calculate 5 - (0 + 9 + 3).
-7
Evaluate 8 + -5 + 3 + -6.
0
What is (14 - 3) + 6 + -4 + -2?
11
2 + -2 + -3 + 5 + 0
2
Evaluate -2 - -2 - 5 - (38 + -48).
5
What is 11 + -5 - (2 - -5)?
-1
What is the value of -4 - -11 - (3 + 1)?
3
What is the value of -9 + -7 + 3 + 7?
-6
What is 2 + (-4 + 7 - 5 - -3)?
3
Evaluate -11 + (11 + -22 - -15).
-7
What is (8 - 5) + -